{"id":13,"date":"2020-04-23T07:55:08","date_gmt":"2020-04-23T07:55:08","guid":{"rendered":"http:\/\/alexgraf.es\/wordpress\/?page_id=13"},"modified":"2021-03-31T10:00:50","modified_gmt":"2021-03-31T10:00:50","slug":"acerca-de","status":"publish","type":"page","link":"https:\/\/alexgraf.es\/wordpress\/acerca-de\/","title":{"rendered":"ALEXGRAF"},"content":{"rendered":"\r\n<p>Alexgraf comenz\u00f3 como una empresa familiar y tras m\u00e1s de 30 a\u00f1os al servicio de nuestros clientes. Continua hoy en dia como un gran proveedor de material de oficina y productos de papeler\u00eda, tanto a empresas como al p\u00fablico en general.<\/p>\r\n\r\n\r\n\r\n<p>Una amplia zona dedicada a la venta directa de nuestros productos junto con el servicio de impresi\u00f3n y fotocopiado en Benicarl\u00f3 y nuestras instalaciones de Imprenta ( Tarjetas de visita, Sobres y Bolsas, Cu\u00f1os, Folletos, Subcarpetas, Adhesivos, Rifas\/Loterias, Tickets numerados, Calendarios, Tarjetones de comuni\u00f3n \/ boda, Cat\u00e1logos, Vinilos, Lonas, Lienzos, Displays, Soportes r\u00edgidos, Packaging etc.. ) situadas en Alcal\u00e1 de Xivert junto con un gran Equipo de Profesionales hacen de nuestra empresa una de las empresas referentes del sector en la zona.<\/p>\r\n\r\n\r\n\r\n<p>Nuevas Apuestas:<\/p>\r\n\r\n\r\n\r\n<p>En Alexgraf comenzamos una nueva etapa empresarial introduciendo la venta online de nuestros productos y servicios, llegando as\u00ed un paso mas cerca de todos vosotros y cubriendo todas las necesidades de nuestros clientes con una mayor atenci\u00f3n dedicada y unos plazos de entrega reducidos lo que supondra una mayor comodidad para todos vosotros.<\/p>\r\n<p>Muchas gracias por la confianza depositada durante todos estos a\u00f1os.<\/p>\r\n<p>El equipo de Alexgraf<\/p>\r\n","protected":false},"excerpt":{"rendered":"<p>Alexgraf comenz\u00f3 como una empresa familiar y tras m\u00e1s de 30 a\u00f1os al servicio de nuestros clientes. Continua hoy en dia como un gran proveedor de material de oficina y productos de papeler\u00eda, tanto a empresas como al p\u00fablico en general. Una amplia zona dedicada a la venta directa de nuestros productos junto con el &hellip; <\/p>\n<p class=\"link-more\"><a href=\"https:\/\/alexgraf.es\/wordpress\/acerca-de\/\" class=\"more-link\">Continuar leyendo<span class=\"screen-reader-text\"> \u00abALEXGRAF\u00bb<\/span><\/a><\/p>\n","protected":false},"author":1,"featured_media":0,"parent":0,"menu_order":0,"comment_status":"closed","ping_status":"closed","template":"","meta":[],"yoast_head":"<!-- This site is optimized with the Yoast SEO plugin v18.1 - https:\/\/yoast.com\/wordpress\/plugins\/seo\/ -->\n<title>ALEXGRAF | ALEXGRAF<\/title>\n<meta name=\"robots\" content=\"index, follow, max-snippet:-1, max-image-preview:large, max-video-preview:-1\" \/>\n<link rel=\"canonical\" href=\"http:\/\/alexgraf.es\/wordpress\/acerca-de\/\" \/>\n<meta property=\"og:locale\" content=\"es_ES\" \/>\n<meta property=\"og:type\" content=\"article\" \/>\n<meta property=\"og:title\" content=\"ALEXGRAF | ALEXGRAF\" \/>\n<meta property=\"og:description\" content=\"Alexgraf comenz\u00f3 como una empresa familiar y tras m\u00e1s de 30 a\u00f1os al servicio de nuestros clientes. Continua hoy en dia como un gran proveedor de material de oficina y productos de papeler\u00eda, tanto a empresas como al p\u00fablico en general. Una amplia zona dedicada a la venta directa de nuestros productos junto con el &hellip; Continuar leyendo &quot;ALEXGRAF&quot;\" \/>\n<meta property=\"og:url\" content=\"http:\/\/alexgraf.es\/wordpress\/acerca-de\/\" \/>\n<meta property=\"og:site_name\" content=\"ALEXGRAF\" \/>\n<meta property=\"article:modified_time\" content=\"2021-03-31T10:00:50+00:00\" \/>\n<meta name=\"twitter:card\" content=\"summary_large_image\" \/>\n<meta name=\"twitter:label1\" content=\"Tiempo de lectura\" \/>\n\t<meta name=\"twitter:data1\" content=\"1 minuto\" \/>\n<script type=\"application\/ld+json\" class=\"yoast-schema-graph\">{\"@context\":\"https:\/\/schema.org\",\"@graph\":[{\"@type\":\"Organization\",\"@id\":\"https:\/\/alexgraf.es\/wordpress\/#organization\",\"name\":\"Alexgraf sl\",\"url\":\"https:\/\/alexgraf.es\/wordpress\/\",\"sameAs\":[],\"logo\":{\"@type\":\"ImageObject\",\"@id\":\"https:\/\/alexgraf.es\/wordpress\/#logo\",\"inLanguage\":\"es\",\"url\":\"http:\/\/alexgraf.es\/wordpress\/wp-content\/uploads\/2020\/04\/cropped-Baner-web.jpg\",\"contentUrl\":\"http:\/\/alexgraf.es\/wordpress\/wp-content\/uploads\/2020\/04\/cropped-Baner-web.jpg\",\"width\":2000,\"height\":1200,\"caption\":\"Alexgraf sl\"},\"image\":{\"@id\":\"https:\/\/alexgraf.es\/wordpress\/#logo\"}},{\"@type\":\"WebSite\",\"@id\":\"https:\/\/alexgraf.es\/wordpress\/#website\",\"url\":\"https:\/\/alexgraf.es\/wordpress\/\",\"name\":\"Alexgraf\",\"description\":\"Papeleria, Material Oficina, Imprenta\",\"publisher\":{\"@id\":\"https:\/\/alexgraf.es\/wordpress\/#organization\"},\"potentialAction\":[{\"@type\":\"SearchAction\",\"target\":{\"@type\":\"EntryPoint\",\"urlTemplate\":\"https:\/\/alexgraf.es\/wordpress\/?s={search_term_string}\"},\"query-input\":\"required name=search_term_string\"}],\"inLanguage\":\"es\"},{\"@type\":\"WebPage\",\"@id\":\"http:\/\/alexgraf.es\/wordpress\/acerca-de\/#webpage\",\"url\":\"http:\/\/alexgraf.es\/wordpress\/acerca-de\/\",\"name\":\"ALEXGRAF | ALEXGRAF\",\"isPartOf\":{\"@id\":\"https:\/\/alexgraf.es\/wordpress\/#website\"},\"datePublished\":\"2020-04-23T07:55:08+00:00\",\"dateModified\":\"2021-03-31T10:00:50+00:00\",\"breadcrumb\":{\"@id\":\"http:\/\/alexgraf.es\/wordpress\/acerca-de\/#breadcrumb\"},\"inLanguage\":\"es\",\"potentialAction\":[{\"@type\":\"ReadAction\",\"target\":[\"http:\/\/alexgraf.es\/wordpress\/acerca-de\/\"]}]},{\"@type\":\"BreadcrumbList\",\"@id\":\"http:\/\/alexgraf.es\/wordpress\/acerca-de\/#breadcrumb\",\"itemListElement\":[{\"@type\":\"ListItem\",\"position\":1,\"name\":\"Portada\",\"item\":\"http:\/\/alexgraf.es\/wordpress\/\"},{\"@type\":\"ListItem\",\"position\":2,\"name\":\"ALEXGRAF\"}]}]}<\/script>\n<!-- \/ Yoast SEO plugin. -->","yoast_head_json":{"title":"ALEXGRAF | ALEXGRAF","robots":{"index":"index","follow":"follow","max-snippet":"max-snippet:-1","max-image-preview":"max-image-preview:large","max-video-preview":"max-video-preview:-1"},"canonical":"http:\/\/alexgraf.es\/wordpress\/acerca-de\/","og_locale":"es_ES","og_type":"article","og_title":"ALEXGRAF | ALEXGRAF","og_description":"Alexgraf comenz\u00f3 como una empresa familiar y tras m\u00e1s de 30 a\u00f1os al servicio de nuestros clientes. Continua hoy en dia como un gran proveedor de material de oficina y productos de papeler\u00eda, tanto a empresas como al p\u00fablico en general. Una amplia zona dedicada a la venta directa de nuestros productos junto con el &hellip; Continuar leyendo \"ALEXGRAF\"","og_url":"http:\/\/alexgraf.es\/wordpress\/acerca-de\/","og_site_name":"ALEXGRAF","article_modified_time":"2021-03-31T10:00:50+00:00","twitter_card":"summary_large_image","twitter_misc":{"Tiempo de lectura":"1 minuto"},"schema":{"@context":"https:\/\/schema.org","@graph":[{"@type":"Organization","@id":"https:\/\/alexgraf.es\/wordpress\/#organization","name":"Alexgraf sl","url":"https:\/\/alexgraf.es\/wordpress\/","sameAs":[],"logo":{"@type":"ImageObject","@id":"https:\/\/alexgraf.es\/wordpress\/#logo","inLanguage":"es","url":"http:\/\/alexgraf.es\/wordpress\/wp-content\/uploads\/2020\/04\/cropped-Baner-web.jpg","contentUrl":"http:\/\/alexgraf.es\/wordpress\/wp-content\/uploads\/2020\/04\/cropped-Baner-web.jpg","width":2000,"height":1200,"caption":"Alexgraf sl"},"image":{"@id":"https:\/\/alexgraf.es\/wordpress\/#logo"}},{"@type":"WebSite","@id":"https:\/\/alexgraf.es\/wordpress\/#website","url":"https:\/\/alexgraf.es\/wordpress\/","name":"Alexgraf","description":"Papeleria, Material Oficina, Imprenta","publisher":{"@id":"https:\/\/alexgraf.es\/wordpress\/#organization"},"potentialAction":[{"@type":"SearchAction","target":{"@type":"EntryPoint","urlTemplate":"https:\/\/alexgraf.es\/wordpress\/?s={search_term_string}"},"query-input":"required name=search_term_string"}],"inLanguage":"es"},{"@type":"WebPage","@id":"http:\/\/alexgraf.es\/wordpress\/acerca-de\/#webpage","url":"http:\/\/alexgraf.es\/wordpress\/acerca-de\/","name":"ALEXGRAF | ALEXGRAF","isPartOf":{"@id":"https:\/\/alexgraf.es\/wordpress\/#website"},"datePublished":"2020-04-23T07:55:08+00:00","dateModified":"2021-03-31T10:00:50+00:00","breadcrumb":{"@id":"http:\/\/alexgraf.es\/wordpress\/acerca-de\/#breadcrumb"},"inLanguage":"es","potentialAction":[{"@type":"ReadAction","target":["http:\/\/alexgraf.es\/wordpress\/acerca-de\/"]}]},{"@type":"BreadcrumbList","@id":"http:\/\/alexgraf.es\/wordpress\/acerca-de\/#breadcrumb","itemListElement":[{"@type":"ListItem","position":1,"name":"Portada","item":"http:\/\/alexgraf.es\/wordpress\/"},{"@type":"ListItem","position":2,"name":"ALEXGRAF"}]}]}},"_links":{"self":[{"href":"https:\/\/alexgraf.es\/wordpress\/wp-json\/wp\/v2\/pages\/13"}],"collection":[{"href":"https:\/\/alexgraf.es\/wordpress\/wp-json\/wp\/v2\/pages"}],"about":[{"href":"https:\/\/alexgraf.es\/wordpress\/wp-json\/wp\/v2\/types\/page"}],"author":[{"embeddable":true,"href":"https:\/\/alexgraf.es\/wordpress\/wp-json\/wp\/v2\/users\/1"}],"replies":[{"embeddable":true,"href":"https:\/\/alexgraf.es\/wordpress\/wp-json\/wp\/v2\/comments?post=13"}],"version-history":[{"count":11,"href":"https:\/\/alexgraf.es\/wordpress\/wp-json\/wp\/v2\/pages\/13\/revisions"}],"predecessor-version":[{"id":306,"href":"https:\/\/alexgraf.es\/wordpress\/wp-json\/wp\/v2\/pages\/13\/revisions\/306"}],"wp:attachment":[{"href":"https:\/\/alexgraf.es\/wordpress\/wp-json\/wp\/v2\/media?parent=13"}],"curies":[{"name":"wp","href":"https:\/\/api.w.org\/{rel}","templated":true}]}}